{"id":79,"date":"2011-03-07T20:03:20","date_gmt":"2011-03-07T20:03:20","guid":{"rendered":"http:\/\/saaleschwimmerhalle.de\/?page_id=79"},"modified":"2024-04-25T10:12:46","modified_gmt":"2024-04-25T08:12:46","slug":"satzung","status":"publish","type":"page","link":"https:\/\/saaleschwimmerhalle.de\/?page_id=79","title":{"rendered":"Vorstand\/Satzung"},"content":{"rendered":"<p><strong>1. Vorsitzender<\/strong><\/p>\n<p>Dipl.-Ing. Klaus-Dieter Gerlang, Tel. 0160\/94415914,<\/p>\n<p>E-Mail: klaus-dieter.gerlang@gmx.de<\/p>\n<p><strong>2. Vorsitzender<\/strong><\/p>\n<p>Dr. rer. nat. Robby Sch\u00f6nfeld, Tel.0345 6786603,<\/p>\n<p>E-Mail: Robby Sch\u00f6nfeld &lt;r.schoenfeld@bbs-gutjahr.de&gt;<\/p>\n<p><strong>Kassenwart<\/strong><\/p>\n<p>Peter Altner Tel. 0179 6845241<\/p>\n<p>E-Mail: dlru61@web.de<\/p>\n<p>&nbsp;<\/p>\n<hr \/>\n<div id=\"attachment_347\" style=\"width: 392px\" class=\"wp-caption aligncenter\"><img loading=\"lazy\" decoding=\"async\" aria-describedby=\"caption-attachment-347\" class=\"size-medium wp-image-347\" title=\"IMG_2401LK_thumb\" src=\"http:\/\/saaleschwimmerhalle.de\/wp-content\/uploads\/2011\/03\/IMG_2401LK_thumb1-300x225.jpg\" alt=\"\" width=\"382\" height=\"303\" \/><p id=\"caption-attachment-347\" class=\"wp-caption-text\">Vereinsgr\u00fcndung 20.10.2010<\/p><\/div>\n<p><strong>Saaleschwimmer Halle e. V.<\/strong><\/p>\n<p>\u00a7 1 Name , Sitz<br \/>\nDer Verein f\u00fchrt den Namen Saaleschwimmer Halle e. V. Er hat seinen Sitz in Halle (Saale).<br \/>\nEr soll in das Vereinsregister eingetragen werden. Mit Eintragung im Vereinsregister<br \/>\nlautet der Name Saaleschwimmer Halle e.V. Der Verein strebt die<br \/>\nMitgliedschaft im LandesSportBund, den Fachverb\u00e4nden des LSB an, und anerkennt<br \/>\nderen Satzungen und Ordnungen. Das Gesch\u00e4ftsjahr ist das Kalenderjahr.<\/p>\n<p>\u00a7 2 Zweck, Aufgaben und Grunds\u00e4tze<br \/>\nVereinszweck ist die Pflege und F\u00f6rderung des Sportes. Er wird insbesondere verwirklicht<br \/>\ndurch:<br \/>\n&#8211; Abhaltung von geordneten Turn-, Sport- und Spiel\u00fcbungen<br \/>\n&#8211; Durchf\u00fchrung von Vortr\u00e4gen, Kursen und Sportveranstaltungen z. Bsp. Schwimmwettk\u00e4mpfe<br \/>\n&#8211; Ausbildung und Einsatz von sachgem\u00e4\u00df vorbildlichen \u00dcbungsleitern<br \/>\nDer Verein verfolgt ausschlie\u00dflich und unmittelbar gemeinn\u00fctzige Zwecke im Sinne des<br \/>\nAbschnittes \u201e steuerbeg\u00fcnstigte Zwecke \u201e der Abgabenordnung und zwar durch die<br \/>\nF\u00f6rderung der Allgemeinheit auf dem Gebiet des Sportes.<br \/>\nDer Verein ist selbstlos t\u00e4tig; er verfolgt nicht in erster Linie eigenwirtschaftliche Zwecke.<br \/>\nMittel die dem Verein zuflie\u00dfen, d\u00fcrfen nur f\u00fcr satzungsgem\u00e4\u00dfe Zwecke verwendet<br \/>\nwerden. Die Mitglieder erhalten keine Gewinnanteile und ihrer Eigenschaft als Mitglieder<br \/>\nauch keine sonstigen Zuwendungen aus Mitteln des Vereins. Es darf keine Person durch<br \/>\nAusgaben, die den Zwecken des Vereins fremd sind, oder durch unverh\u00e4ltnism\u00e4\u00dfig hohe<br \/>\nVerg\u00fctungen beg\u00fcnstigt werden.<br \/>\nDer Verein ist politisch und konfessionell neutral. Der Verein tritt f\u00fcr die Erhaltung,<br \/>\nWiederherstellung und den Schutz der nat\u00fcrlichen Umwelt sowie ihre Nutzung f\u00fcr das<br \/>\nSporttreiben ein.<br \/>\nDer Verein tritt rassistischen, fremdenfeindlichen, sexistischen und homophoben<br \/>\nEinstellungen und Bestrebungen entschieden entgegen. Der Verein bietet nur solchen<br \/>\nPersonen die Mitgliedschaft an, die sich zu diesen Grunds\u00e4tzen bekennen.<\/p>\n<p>\u00a7 3 Gliederung<br \/>\nF\u00fcr jede im Verein betriebene Sportart kann im Bedarfsfall eine eigene Abteilung<br \/>\ngegr\u00fcndet werden. Die Abteilungen w\u00e4hlen einen Abteilungsvorstand. Hinsichtlich der<br \/>\nDurchf\u00fchrung von Versammlungen gelten die satzungsrechtlichen Bestimmungen.<br \/>\nDie Abteilungen sind dem Vorstand gegen\u00fcber rechenschaftspflichtig und geben<br \/>\nmonatlich Ausk\u00fcnfte zu ihren Einnahmen und Ausgaben. Abteilungen k\u00f6nnen<br \/>\nnur im Rahmen einer vorliegenden Bevollm\u00e4chtigung Vertr\u00e4ge schlie\u00dfen oder<br \/>\nErkl\u00e4rungen abgeben. Abteilungen sind berechtigt von ihren Mitgliedern<br \/>\nAbteilungsbeitr\u00e4ge, die der finanziellen Absicherung von abteilungsspezifischen Ausgaben<br \/>\ndienen sollen, zu erheben.<br \/>\n\u00a7 4 Mitgliedschaft<br \/>\nDer Verein besteht aus:<br \/>\n&#8211; ordentlichen Mitgliedern<br \/>\n&#8211; f\u00f6rdernden Mitgliedern<br \/>\n&#8211; Ehrenmitgliedern<br \/>\n\u00a7 5 Erwerb der Mitgliedschaft<br \/>\nOrdentliches Mitglied kann jede nat\u00fcrliche Person werden. \u00dcber den schriftlichen<br \/>\nAufnahmeantrag entscheidet der Vorstand (bei bestehenden Abteilungen der<br \/>\nAbteilungsvorstand).<br \/>\nDer Aufnahmeantrag Minderj\u00e4hriger bedarf der Unterschriften der gesetzlichen Vertreter.<br \/>\nGegen die Ablehnung des Aufnahmeantrages durch den Vorstand, die keiner Begr\u00fcndung<br \/>\nbedarf, kann der Antragsteller die Mitgliederversammlung anrufen. Diese entscheidet<br \/>\nendg\u00fcltig.<br \/>\nF\u00f6rderndes Mitglied kann jede nat\u00fcrliche Person werden, die das 18. Lebensjahr<br \/>\nvollendet hat und die dem Verein angeh\u00f6ren will, ohne sich in ihm sportlich zu bet\u00e4tigen.<br \/>\nF\u00fcr die Aufnahme gelten die Regeln \u00fcber die Aufnahme ordentlicher Mitglieder<br \/>\nentsprechend. Ehrenmitglied kann auch eine nat\u00fcrliche Person werden, die nicht Mitglied<br \/>\ndes Vereins ist.<\/p>\n<p>\u00a7 6 Beendigung der Mitgliedschaft\/ Sanktionen<br \/>\nDie Mitgliedschaft endet durch Austritt, Ausschluss oder Tod.<br \/>\nDer Austritt ist dem Vorstand gegen\u00fcber schriftlich zu erkl\u00e4ren. Er ist unter Einhaltung<br \/>\neiner Frist von drei Monaten und nur zum Schluss eines Gesch\u00e4ftsjahres zul\u00e4ssig.<br \/>\nBei leichteren Verfehlungen k\u00f6nnen folgende Sanktionen gegen\u00fcber den Mitgliedern<br \/>\nausgesprochen werden:<br \/>\nVerwarnung, Verweis, Trainingsverbot, Verlust des Wahl- Stimmrechtes.<br \/>\nN\u00e4heres dazu regelt die Rechtsordnung des Vereins.<br \/>\nEin Mitglied kann aus dem Verein ausgeschlossen werden:<br \/>\n&#8211; wegen erheblicher schuldhafter Verletzung satzungsgem\u00e4\u00dfer Pflichten<br \/>\n&#8211; wegen eines schweren schuldhaften Versto\u00dfes gegen die Interessen des Vereins<br \/>\n&#8211; bei unehrenhaftem und vereinssch\u00e4digendem Verhalten inner- und au\u00dferhalb des<br \/>\nVereins, insbesondere bei Kundgabe rassistischer, fremdenfeindlicher, sexistischer und<br \/>\nhomophober Gesinnung, einschlie\u00dflich des Tragens bzw. Zeigens entsprechender<br \/>\nKennzeichen und Symbole<br \/>\n&#8211; wegen groben schuldhaften unsportlichen Verhaltens<br \/>\n\u00dcber den Ausschluss entscheidet der Vorstand. Vor der Entscheidung hat er dem Mitglied<br \/>\nGelegenheit zu geben, sich m\u00fcndlich oder schriftlich zu \u00e4u\u00dfern, hierzu ist das Mitglied<br \/>\nunter Einhaltung einer Mindestfrist von zehn Tagen schriftlich aufzufordern.<br \/>\nDie Entscheidung \u00fcber den Ausschluss ist schriftlich zu begr\u00fcnden und dem Mitglied<br \/>\ndurch einen eingeschriebenen Brief zuzustellen.<br \/>\nGegen die Entscheidung ist die Berufung an die Mitgliederversammlung zul\u00e4ssig; sie<br \/>\nmuss schriftlich binnen drei Wochen nach Absendung der Entscheidung erfolgen.<br \/>\nEin Mitglied kann des Weiteren ausgeschlossen werden, wenn es trotz zweimaliger<br \/>\nMahnung durch den Vorstand mit der Zahlung von Beitr\u00e4gen oder Umlagen in H\u00f6he von<br \/>\nmehr als einem Halbjahresbeitrag im R\u00fcckstand ist.<br \/>\nPersonen deren Mitgliedschaft erloschen ist, haben keinen Anspruch auf Anteile aus dem<br \/>\nVereinsverm\u00f6gen. Andere Anspr\u00fcche gegen den Verein m\u00fcssen binnen sechs Monate<br \/>\nnach Erl\u00f6schen der Mitgliedschaft durch eingeschriebenen Brief geltend gemacht und<br \/>\nbegr\u00fcndet werden.<\/p>\n<p>\u00a7 7 Rechte und Pflichten<br \/>\nMitglieder sind berechtigt, im Rahmen des Vereinszweckes an den Veranstaltungen des<br \/>\nVereins teilzunehmen. Jedes Mitglied erh\u00e4lt monatlich alle wesentlichen<br \/>\nInformationen\/\u00c4nderungen per E- Mail zugesandt. Dazu haben die Mitglieder dem Verein<br \/>\neine aktuelle E-Mail-Adresse zur Verf\u00fcgung zu stellen.<br \/>\nAlle Mitglieder sind verpflichtet, sich nach der Satzung und den weiteren Ordnungen des<br \/>\nVereins zu verhalten, gegenseitige R\u00fccksichtnahme und Kameradschaft zu wahren.<br \/>\nDie Mitglieder sind zur Errichtung von Aufnahmegeb\u00fchren und Jahresbeitr\u00e4gen<br \/>\nverpflichtet. Die H\u00f6he des Beitrages\/der Umlage sowie deren F\u00e4lligkeit werden von der<br \/>\nMitgliederversammlung bestimmt.<br \/>\nEs ist der Mitgliederversammlung m\u00f6glich, Umlagen festzusetzen. Diese betragen pro<br \/>\nJahr h\u00f6chstens 30,00 \u20ac pro Mitglied. Jedes Mitglied hat an den Arbeitseins\u00e4tzen des<br \/>\nVereins teilzunehmen, oder ersatzweise daf\u00fcr ein Entgelt zu zahlen. Alles N\u00e4here dazu<br \/>\nwird per Beschluss der Mitgliederversammlung festgelegt.<\/p>\n<p>\u00a7 8 Datenschutz<br \/>\nDer Verein verpflichtet sich im Sinne des Datenschutzgesetzes, die ihm zur Verf\u00fcgung<br \/>\ngestellten Daten au\u00dferhalb des Vereins nur zu verwenden:<br \/>\n&#8211; zur Verwirklichung seines Vereinszweckes,<br \/>\n&#8211; bei berechtigtem Interesse einer Dachorganisation,<br \/>\n&#8211; bei nachweisbarem \u00f6ffentlichen Interesse.<br \/>\nHierbei gew\u00e4hrleistet der Verein, dass die Verwendung im Vereinsinteresse notwendig ist<br \/>\nund den Interessen der Mitglieder nicht entgegensteht.<\/p>\n<p>\u00a7 9 Organe<br \/>\nDie Organe des Vereins sind:<br \/>\n&#8211; der Vorstand<br \/>\n&#8211; die Mitgliederversammlung<\/p>\n<p>\u00a7 10 Vorstand<br \/>\nDer Vorstand besteht aus:<br \/>\n&#8211; dem ersten Vorsitzenden<br \/>\n&#8211; dem stellvertretenden Vorsitzenden<br \/>\n&#8211; dem Kassenwart<\/p>\n<p>&#8211; dem Pressewart<br \/>\n&#8211; dem Sportwart<br \/>\n&#8211; dem Jugendwart<\/p>\n<p>Der Vorstand f\u00fchrt die Gesch\u00e4fte des Vereins nach Ma\u00dfgabe der Satzung und der<br \/>\nBeschl\u00fcsse der Mitgliederversammlung. Der Vorstand fasst seine Beschl\u00fcsse mit<br \/>\neinfacher Mehrheit.<br \/>\nDer Vorstand ordnet und \u00fcberwacht die T\u00e4tigkeiten der Abteilungen; er ist berechtigt, f\u00fcr<br \/>\nbestimmte Zwecke Aussch\u00fcsse einzusetzen. Der Vorstand kann verbindliche Ordnungen<br \/>\nerlassen. \u00dcber seine T\u00e4tigkeit hat der Vorstand der Mitgliederversammlung zu berichten.<br \/>\nBei Bedarf k\u00f6nnen Vereins\u00e4mter im Rahmen haushaltsrechtlicher M\u00f6glichkeiten<br \/>\nentgeltlich auf der Grundlage eines Vertrages oder gegen Zahlung einer<br \/>\nAufwandsentsch\u00e4digung nach \u00a7 3 Nr. 26 a EstG ausge\u00fcbt werden.<br \/>\nWer T\u00e4tigkeiten im Dienst des Vereins aus\u00fcbt, kann hierf\u00fcr durch entsprechende<br \/>\nVorstandsbeschl\u00fcsse eine angemessene Verg\u00fctung erhalten.<br \/>\nVorstand im Sinne des \u00a7 26 BGB sind:<br \/>\n&#8211; der erste Vorsitzende<br \/>\n&#8211; der stellvertretende Vorsitzende<br \/>\n&#8211; der Kassenwart<br \/>\n<strong>Der Verein wird gerichtlich und au\u00dfergerichtlich durch jeden der genannten ersten Vorsitzenden,\u00a0 stellvertretenden Vorsitzenden und dem Kassenwart einzeln vertreten.<\/strong><\/p>\n<p>Der Vorstand wird von der Mitgliederversammlung f\u00fcr die Dauer von zwei Jahren<\/p>\n<p>gew\u00e4hlt. Er bleibt bis zur satzungsgem\u00e4\u00dfen Neuwahl im Amt. W\u00e4hlbar sind nur<\/p>\n<p>Vereinsmitglieder, die das 18. Lebensjahr vollendet haben. Wiederwahl eines<br \/>\nVorstandsmitgliedes ist zul\u00e4ssig. Verschiedene Vorstands\u00e4mter k\u00f6nnen nicht in einer<br \/>\nPerson vereinigt werden.<br \/>\nScheidet ein Vorstandsmitglied vor Ablauf der Amtszeit aus, ist der Vorstand berechtigt<br \/>\ndieses Amt durch Kooption bis zum Ablauf der verbleibenden Amtszeit zu besetzen.<br \/>\nDer Vorstand ist berechtigt alle arbeitsrechtlichen und steuerrechtlichen Entscheidungen<br \/>\nzu treffen.<br \/>\nAlle anderen Vertr\u00e4ge kann er ohne Zustimmung der Mitgliederversammlung bis zu<br \/>\neinem Wert von 1000 \u20ac schlie\u00dfen.<br \/>\nDer Vorstand haftet seinen Mitgliedern gegen\u00fcber nicht f\u00fcr Sch\u00e4den aus einer fahrl\u00e4ssig<br \/>\nbegangenen Pflichtverletzung.<\/p>\n<p>\u00a7 11 Mitgliederversammlung<br \/>\nDie ordentliche Mitgliederversammlung findet einmal j\u00e4hrlich im ersten Quartal statt.<br \/>\nEine au\u00dferordentliche Mitgliederversammlung findet statt, wenn das Interesse des<br \/>\nVereins es erfordert oder wenn \u00bc der Mitglieder es schriftlich unter Angabe der Gr\u00fcnde<br \/>\nbeim Vorstand beantragt.<\/p>\n<p>\u00a7 12 Einberufung von Mitgliederversammlungen<br \/>\nDie Einberufung von Mitgliederversammlungen erfolgt durch Ver\u00f6ffentlichung auf der Homepages und durch schriftliche Einladungen unter Bekanntgabe des Tagungsortes, des Termins und der Tagesordnung. Zwischen dem Tag der Ver\u00f6ffentlichung und dem Termin der Versammlung muss eine Frist von mindestens 4 Wochen liegen.<br \/>\nAntr\u00e4ge auf Satzungs\u00e4nderung m\u00fcssen unter Benennung der abzu\u00e4ndernden Vorschrift<br \/>\nw\u00f6rtlich mitgeteilt werden.<\/p>\n<p>\u00a7 13 Ablauf und Beschlussfassung von Mitgliederversammlungen<br \/>\nDie Mitgliederversammlung wird vom Vorsitzenden des Vorstandes, bei dessen<br \/>\nVerhinderung von seinem Stellvertreter geleitet. Ist keines dieser Vorstandsmitglieder<br \/>\nanwesend, so bestimmt die Versammlung den Leiter mit einfacher Mehrheit der<br \/>\nanwesenden Mitglieder.<br \/>\nDie Mitgliederversammlung ist ohne R\u00fccksicht auf die Anzahl der erschienenden<br \/>\nMitglieder beschlussf\u00e4hig.<br \/>\nDie Beschl\u00fcsse werden mit einfacher Mehrheit der anwesenden Mitglieder gefasst; bei<br \/>\nStimmengleichheit gibt die Stimme des Versammlungsleiters den Ausschlag.<br \/>\nStimmenthaltungen gelten als nicht abgegebene Stimmen.<br \/>\nSchriftliche Abstimmungen erfolgen nur, wenn 1\/3 der anwesenden Mitglieder dies<br \/>\nverlangt; bei Wahlen muss eine geheime Abstimmung erfolgen, wenn 1\/3 der<br \/>\nanwesenden Mitglieder dies verlangt.<br \/>\nSatzungs- und Zweck\u00e4nderungen k\u00f6nnen nur mit einer Mehrheit von 2\/3 der<br \/>\nanwesenden Mitglieder beschlossen werden. Zur Aufl\u00f6sung des Vereins ist eine Mehrheit<br \/>\nvon 2\/3 der Mitglieder des Vereins erforderlich.<br \/>\n\u00dcber Antr\u00e4ge auf Satzungs\u00e4nderungen kann nur abgestimmt werden, wenn sie f\u00fcnf<br \/>\nWochen vor der Mitgliederversammlung schriftlich beim Vorsitzenden des Vereins<br \/>\neingegangen und in der Einladung mitgeteilt worden sind.<\/p>\n<p>\u00a7 14 Stimmrecht und W\u00e4hlbarkeit<br \/>\nStimmrecht besitzen nur vollj\u00e4hrige ordentliche Mitglieder und Ehrenmitglieder.<br \/>\nDie Interessen der Minderj\u00e4hrigen werden durch den Jugendwart vertreten, welcher je<br \/>\nnach Anzahl der minderj\u00e4hrigen Mitglieder, eine entsprechende Stimmenwertigkeit<br \/>\nerh\u00e4lt.<br \/>\nDas Stimmrecht kann nur pers\u00f6nlich ausge\u00fcbt werden. Mitglieder, denen kein<br \/>\nStimmrecht zusteht, k\u00f6nnen an der Mitgliederversammlung als G\u00e4ste teilnehmen.<br \/>\nGew\u00e4hlt werden k\u00f6nnen alle ordentlichen Mitglieder, die das 18. Lebensjahr vollendet<br \/>\nhaben.<\/p>\n<p>\u00a7 15 Ernennung von Ehrenmitgliedern<br \/>\nPersonen, die sich um den Verein besonders verdient gemacht haben, k\u00f6nnen auf<br \/>\nVorschlag des Vorstandes von der Mitgliederversammlung zu Ehrenmitgliedern ernannt<br \/>\nwerden. Die Ernennung zu Ehrenmitgliedern bedarf einer Mehrheit von 2\/3 der<br \/>\nanwesenden Mitglieder. Die Ehrenmitgliedschaft kann bei Pflichtverletzungen die im<br \/>\nSinne des \u00a7 6 zum Ausschluss f\u00fchren, durch Beschluss der Mitgliederversammlung<br \/>\naberkannt werden.<\/p>\n<p>\u00a7 16 Kassenpr\u00fcfer<br \/>\nDie Mitgliederversammlung w\u00e4hlt f\u00fcr die Dauer von 2 Jahren zwei Kassenpr\u00fcfer. Diese<br \/>\nd\u00fcrfen nicht Mitglied des Vorstandes oder eines von ihm eingesetzten Ausschusses sein.<br \/>\nWiederwahl ist zul\u00e4ssig\/ unzul\u00e4ssig.<br \/>\nDie Kassenpr\u00fcfer haben die Kasse des Vereins einschlie\u00dflich der B\u00fccher und Belege<br \/>\nmindestens einmal im Gesch\u00e4ftsjahr sachlich und rechnerisch zu pr\u00fcfen und dem<br \/>\nVorstand jeweils schriftlich Bericht zu erstatten.<br \/>\nDie Kassenpr\u00fcfer erstatten der Mitgliederversammlung einen Pr\u00fcfungsbericht und<br \/>\nbeantragen bei Ordnungsgem\u00e4\u00dfer F\u00fchrung der Kassengesch\u00e4fte die Entlastung des<br \/>\nKassenwartes und der \u00fcbrigen Vorstandsmitglieder.<\/p>\n<p>\u00a7 17 Ordnungen<br \/>\nZur Durchf\u00fchrung der Satzung hat der Vorstand eine Gesch\u00e4ftsordnung, eine<br \/>\nFinanzordnung, Rechtsordnung sowie eine Ordnung f\u00fcr die Benutzung der Sportst\u00e4tten<br \/>\nzu erlassen.<br \/>\nDie Ordnungen werden mit einer Mehrheit von 2\/3 der Mitglieder des Vorstandes<br \/>\nbeschlossen. Dar\u00fcber hinaus kann der Vorstand weitere Ordnungen erlassen.<\/p>\n<p>\u00a7 18 Protokollierung von Beschl\u00fcssen<br \/>\n\u00dcber die Beschl\u00fcsse der Mitgliederversammlungen und des Vorstandes ist unter Angabe<br \/>\nvon Ort, Zeit und Abstimmungsergebnis jeweils eine Niederschrift anzufertigen. Die<br \/>\nNiederschrift ist vom Vorsitzenden bzw. Versammlungsleiter und dem vom Vorsitzenden<br \/>\nbzw. Versammlungsleiter jeweils zu benennenden Schriftf\u00fchrer zu unterschreiben.<\/p>\n<p>\u00a7 19 Aufl\u00f6sung des Vereins<br \/>\nBei Aufl\u00f6sung des Vereins erfolgt eine Liquidation durch die zum Zeitpunkt des<br \/>\nAufl\u00f6sungsbeschlusses amtierenden Vorstandsmitglieder.<br \/>\nBei Aufl\u00f6sung des Vereins erfolgt eine Liquidation durch die zum Zeitpunkt des<br \/>\nAufl\u00f6sungsbeschlusses amtierenden Vorstandsmitglieder. Bei Aufl\u00f6sung des Vereins oder<br \/>\nbei Wegfall seines bisherigen Zweckes f\u00e4llt das Verm\u00f6gen<br \/>\ndes Vereins an den Stadtsportbund Halle e. V., die das Verm\u00f6gen unmittelbar f\u00fcr<br \/>\ngemeinn\u00fctzige, mildt\u00e4tige oder kirchliche Zwecke zu verwenden hat.<\/p>\n<p>\u00a7 20 Inkrafttreten<\/p>\n<p>Die Satzung ist in der vorliegenden Form von der Mitgliederversammlung des Vereins am<\/p>\n<p>19.09.2014\u00a0mit der \u00c4nderung \u00a7 10\u00a0best\u00e4tigt worden.<\/p>\n","protected":false},"excerpt":{"rendered":"<p>1. Vorsitzender Dipl.-Ing. Klaus-Dieter Gerlang, Tel. 0160\/94415914, E-Mail: klaus-dieter.gerlang@gmx.de 2. Vorsitzender Dr. rer. nat. Robby Sch\u00f6nfeld, Tel.0345 6786603, E-Mail: Robby Sch\u00f6nfeld &lt;r.schoenfeld@bbs-gutjahr.de&gt; Kassenwart Peter Altner Tel. 0179 6845241 E-Mail: dlru61@web.de &nbsp; Saaleschwimmer Halle e. V. \u00a7 1 Name , Sitz Der Verein f\u00fchrt den Namen Saaleschwimmer Halle e. V. Er hat seinen Sitz in Halle [&hellip;]<\/p>\n","protected":false},"author":1,"featured_media":0,"parent":26,"menu_order":20,"comment_status":"open","ping_status":"open","template":"","meta":{"footnotes":""},"class_list":["post-79","page","type-page","status-publish","hentry"],"_links":{"self":[{"href":"https:\/\/saaleschwimmerhalle.de\/index.php?rest_route=\/wp\/v2\/pages\/79","targetHints":{"allow":["GET"]}}],"collection":[{"href":"https:\/\/saaleschwimmerhalle.de\/index.php?rest_route=\/wp\/v2\/pages"}],"about":[{"href":"https:\/\/saaleschwimmerhalle.de\/index.php?rest_route=\/wp\/v2\/types\/page"}],"author":[{"embeddable":true,"href":"https:\/\/saaleschwimmerhalle.de\/index.php?rest_route=\/wp\/v2\/users\/1"}],"replies":[{"embeddable":true,"href":"https:\/\/saaleschwimmerhalle.de\/index.php?rest_route=%2Fwp%2Fv2%2Fcomments&post=79"}],"version-history":[{"count":2,"href":"https:\/\/saaleschwimmerhalle.de\/index.php?rest_route=\/wp\/v2\/pages\/79\/revisions"}],"predecessor-version":[{"id":15909,"href":"https:\/\/saaleschwimmerhalle.de\/index.php?rest_route=\/wp\/v2\/pages\/79\/revisions\/15909"}],"up":[{"embeddable":true,"href":"https:\/\/saaleschwimmerhalle.de\/index.php?rest_route=\/wp\/v2\/pages\/26"}],"wp:attachment":[{"href":"https:\/\/saaleschwimmerhalle.de\/index.php?rest_route=%2Fwp%2Fv2%2Fmedia&parent=79"}],"curies":[{"name":"wp","href":"https:\/\/api.w.org\/{rel}","templated":true}]}}